{"id":456,"date":"2022-10-06T09:30:53","date_gmt":"2022-10-06T09:30:53","guid":{"rendered":"https:\/\/others.ucimesaweby.sk\/kontakt\/?page_id=456"},"modified":"2022-11-23T19:49:00","modified_gmt":"2022-11-23T19:49:00","slug":"psychika-a-skola","status":"publish","type":"page","link":"https:\/\/others.ucimesaweby.sk\/kontakt\/psychika-a-skola\/","title":{"rendered":"Psychika a \u0161kola"},"content":{"rendered":"\t\t<div data-elementor-type=\"wp-page\" data-elementor-id=\"456\" class=\"elementor elementor-456\">\n\t\t\t\t\t\t\t\t\t<section class=\"elementor-section elementor-top-section elementor-element elementor-element-a228116 elementor-section-boxed elementor-section-height-default elementor-section-height-default\" data-id=\"a228116\" data-element_type=\"section\">\n\t\t\t\t\t\t<div class=\"elementor-container elementor-column-gap-default\">\n\t\t\t\t\t<div class=\"elementor-column elementor-col-100 elementor-top-column elementor-element elementor-element-65995a2\" data-id=\"65995a2\" data-element_type=\"column\">\n\t\t\t<div class=\"elementor-widget-wrap elementor-element-populated\">\n\t\t\t\t\t\t\t\t<div class=\"elementor-element elementor-element-5e06e4d elementor-widget elementor-widget-eael-post-timeline\" data-id=\"5e06e4d\" data-element_type=\"widget\" data-widget_type=\"eael-post-timeline.default\">\n\t\t\t\t<div class=\"elementor-widget-container\">\n\t\t\t<div id=\"eael-post-timeline-5e06e4d\" class=\"eael-post-timeline timeline-layout-default eael-post-timeline-arrow-\">\n            <div class=\"eael-post-timeline eael-post-appender eael-post-appender-5e06e4d\"><article class=\"eael-timeline-post eael-timeline-column\">\n    <div class=\"eael-timeline-bullet\"><\/div>\n    <div class=\"eael-timeline-post-inner\">\n        <a class=\"eael-timeline-post-link\" href=\"https:\/\/others.ucimesaweby.sk\/kontakt\/organizacia-casu\/\" title=\"ORGANIZ\u00c1CIA \u010cASU\">\n            <time datetime=\"23 novembra, 2022\">23 novembra, 2022<\/time>\n            <div class=\"eael-timeline-post-image attachment-medium size-medium\" style=\"background-image: url(https:\/\/others.ucimesaweby.sk\/kontakt\/wp-content\/uploads\/2022\/11\/1B6A6901-300x200.jpg);\"><\/div><div class=\"eael-timeline-post-excerpt\"><p>Asi si pravdepodobne na to pri\u0161iel u\u017e aj s\u00e1m, \u017ee...<\/p><\/div><div class=\"eael-timeline-post-title\">\n                    <h2 class=\"eael-timeline-post-title-text\">ORGANIZ\u00c1CIA \u010cASU<\/h2>\n                <\/div><\/a>\n    <\/div>\n<\/article><article class=\"eael-timeline-post eael-timeline-column\">\n    <div class=\"eael-timeline-bullet\"><\/div>\n    <div class=\"eael-timeline-post-inner\">\n        <a class=\"eael-timeline-post-link\" href=\"https:\/\/others.ucimesaweby.sk\/kontakt\/socializacia-v-kolektive\/\" title=\"SOCIALIZ\u00c1CIA V\u00a0KOLEKT\u00cdVE\">\n            <time datetime=\"23 novembra, 2022\">23 novembra, 2022<\/time>\n            <div class=\"eael-timeline-post-image attachment-medium size-medium\" style=\"background-image: url(https:\/\/others.ucimesaweby.sk\/kontakt\/wp-content\/uploads\/2022\/11\/1B6A6901-300x200.jpg);\"><\/div><div class=\"eael-timeline-post-excerpt\"><p>Ak patr\u00ed\u0161 medzi introvertov a zoznamovanie \u010di interakcia s \u013eu\u010fmi...<\/p><\/div><div class=\"eael-timeline-post-title\">\n                    <h2 class=\"eael-timeline-post-title-text\">SOCIALIZ\u00c1CIA V\u00a0KOLEKT\u00cdVE<\/h2>\n                <\/div><\/a>\n    <\/div>\n<\/article><article class=\"eael-timeline-post eael-timeline-column\">\n    <div class=\"eael-timeline-bullet\"><\/div>\n    <div class=\"eael-timeline-post-inner\">\n        <a class=\"eael-timeline-post-link\" href=\"https:\/\/others.ucimesaweby.sk\/kontakt\/vyhorenie\/\" title=\"VYHORENIE\">\n            <time datetime=\"23 novembra, 2022\">23 novembra, 2022<\/time>\n            <div class=\"eael-timeline-post-image attachment-medium size-medium\" style=\"background-image: url(https:\/\/others.ucimesaweby.sk\/kontakt\/wp-content\/uploads\/2022\/11\/1B6A6901-300x200.jpg);\"><\/div><div class=\"eael-timeline-post-excerpt\"><p>Ur\u010dite ste sa aspo\u0148 raz za svoj \u017eivot stretli s...<\/p><\/div><div class=\"eael-timeline-post-title\">\n                    <h2 class=\"eael-timeline-post-title-text\">VYHORENIE<\/h2>\n                <\/div><\/a>\n    <\/div>\n<\/article><\/div>\n\t\t<\/div>\t\t<\/div>\n\t\t\t\t<\/div>\n\t\t\t\t\t<\/div>\n\t\t<\/div>\n\t\t\t\t\t\t\t<\/div>\n\t\t<\/section>\n\t\t\t\t\t\t\t<\/div>\n\t\t","protected":false},"excerpt":{"rendered":"<p>November 23, 2022 ORGANIZ\u00c1CIA \u010cASU November 23, 2022 SOCIALIZ\u00c1CIA V\u00a0KOLEKT\u00cdVE November 23, 2022 VYHORENIE<\/p>\n","protected":false},"author":1,"featured_media":735,"parent":0,"menu_order":0,"comment_status":"closed","ping_status":"closed","template":"","meta":{"site-sidebar-layout":"no-sidebar","site-content-layout":"page-builder","ast-site-content-layout":"","site-content-style":"default","site-sidebar-style":"default","ast-global-header-display":"","ast-banner-title-visibility":"","ast-main-header-display":"","ast-hfb-above-header-display":"","ast-hfb-below-header-display":"","ast-hfb-mobile-header-display":"","site-post-title":"disabled","ast-breadcrumbs-content":"","ast-featured-img":"disabled","footer-sml-layout":"","theme-transparent-header-meta":"","adv-header-id-meta":"","stick-header-meta":"","header-above-stick-meta":"","header-main-stick-meta":"","header-below-stick-meta":"","astra-migrate-meta-layouts":"","footnotes":""},"_links":{"self":[{"href":"https:\/\/others.ucimesaweby.sk\/kontakt\/wp-json\/wp\/v2\/pages\/456"}],"collection":[{"href":"https:\/\/others.ucimesaweby.sk\/kontakt\/wp-json\/wp\/v2\/pages"}],"about":[{"href":"https:\/\/others.ucimesaweby.sk\/kontakt\/wp-json\/wp\/v2\/types\/page"}],"author":[{"embeddable":true,"href":"https:\/\/others.ucimesaweby.sk\/kontakt\/wp-json\/wp\/v2\/users\/1"}],"replies":[{"embeddable":true,"href":"https:\/\/others.ucimesaweby.sk\/kontakt\/wp-json\/wp\/v2\/comments?post=456"}],"version-history":[{"count":10,"href":"https:\/\/others.ucimesaweby.sk\/kontakt\/wp-json\/wp\/v2\/pages\/456\/revisions"}],"predecessor-version":[{"id":738,"href":"https:\/\/others.ucimesaweby.sk\/kontakt\/wp-json\/wp\/v2\/pages\/456\/revisions\/738"}],"wp:featuredmedia":[{"embeddable":true,"href":"https:\/\/others.ucimesaweby.sk\/kontakt\/wp-json\/wp\/v2\/media\/735"}],"wp:attachment":[{"href":"https:\/\/others.ucimesaweby.sk\/kontakt\/wp-json\/wp\/v2\/media?parent=456"}],"curies":[{"name":"wp","href":"https:\/\/api.w.org\/{rel}","templated":true}]}}